 3*n + 400 = 5*w, -w = -n - 82. List the prime factors of w.
7, 11
What are the prime factors of (1792/240)/(-56) + 2402/15?
2, 5
Suppose -15*w = -26*w + 44. Suppose 0 = f + w*b - 748, -4*f + 5*b - 3710 = -9*f. What are the prime factors of f?
2, 5, 37
List the prime factors of (-314868)/(-76) - (-1 - -2).
2, 19, 109
List the prime factors of (-977)/(-12 + 16 - 5).
977
Suppose -116*f = -117*f + 32. Let d(h) = -2*h**3 + 66*h**2 - 54*h + 17. What are the prime factors of d(f)?
337
Suppose 296*s = -3*q + 300*s + 200172, -5*q - 2*s = -333672. List the prime factors of q.
2, 3, 67, 83
Let c = 2541 + -1617. Let n = c - 205. Suppose 7*i = -131 + n. List the prime factors of i.
2, 3, 7
Let v(w) = -22*w + 88. Let x be v(4). Suppose g - q - 1237 = 0, x = -3*g + q + 3*q + 3712. What are the prime factors of g?
2, 3, 103
Let f be (2452/8 + 9)/(2/4). Let a = f + -343. List the prime factors of a.
2, 3
Suppose 0 = -159*a + 1292458 + 1868462. What are the prime factors of a?
2, 5, 7, 71
Suppose -3*y + 67 = 5*w + 25, y + 10 = w. Suppose 3*g = w + 3. Suppose -g*f - 26 = -6*f. What are the prime factors of f?
13
Let v be 2/(-3) + 98/21 + -1. Suppose 3*g = -3*u - 207, v*u - 5*g + 173 = u. Let t = -25 - u. What are the prime factors of t?
7
Let w(j) = -43 - 13*j**3 + 15*j**3 + 29*j**2 - 30*j**2 + 20*j. List the prime factors of w(6).
11, 43
Suppose 3*k = 2*b + 15, 5*k - 4 - 2 = -3*b. Suppose 1302 = k*z + 21. What are the prime factors of z?
7, 61
Suppose 20*v - 13*v - 2156 = 0. Suppose v*k - 312*k + 52 = 0. What are the prime factors of k?
13
Let g(b) = -31*b**2 + 5*b - 2. Let d(a) = a**2 - 1. Let i(l) = 3*d(l) - g(l). Let r be ((-1)/(-5))/(18/45)*-4. List the prime factors of i(r).
5, 29
Suppose -5*h = q - 9, 5*h = 4*q - q + 13. Suppose -k = 4, 365 = h*p - k + 107. What are the prime factors of p?
127
Suppose -570*c + 14445 = -566*c - 5*t, 0 = 4*c - t - 14425. What are the prime factors of c?
5, 7, 103
Let j(q) = q**3 - 9*q + 20 + 9553*q**2 - 9532*q**2 - 8*q. List the prime factors of j(-10).
2, 3, 5, 43
List the prime factors of (3 - 214)/(91/(-364)).
2, 211
Let d(a) = 100*a**2 - 46*a + 282. What are the prime factors of d(7)?
2, 3, 5
Suppose 13*j = 11*j + 4*y + 16, -5*j - 2*y = 20. Let n(l) = -57*l**3 - 3*l**2 + 6*l + 4. List the prime factors of n(j).
2, 109
Let q(p) be the first derivative of -338*p**3/3 - p**2/2 - 2*p + 12. Let r be q(2). What are the prime factors of (-6)/15 - r/15?
2, 3, 5
Suppose 5*q - 165380 = 5*u, 42*q + 66173 = 44*q + 5*u. List the prime factors of q.
19, 1741
Suppose 52*i - 472 - 7784 = 44*i. List the prime factors of i.
2, 3, 43
Let u be (74 + -74)*(1 - 0). Suppose 14*n = -u*n + 5544. List the prime factors of n.
2, 3, 11
Suppose -4*y + 2*n + 946 = 0, 2*y + 0*n - 477 = 5*n. Suppose -40 = 4*r - y. Let m = r + -24. List the prime factors of m.
5
Let s(m) = -15*m - 10. Let f be (432/120)/((-3)/(-10)). Let x be ((-20)/6)/(8/f). List the prime factors of s(x).
5, 13
Let k be (-76)/(-57)*(-9)/(-4). Suppose -3*u + 515 = k*v + 2*v, 0 = -v + u + 103. List the prime factors of v.
103
Suppose -20*t + 9766 = -21414. Let b = 54 + t. List the prime factors of b.
1613
Suppose -5*p - 175 = 2*i, -64 = 2*p + 2*i + 6. Let n = p + 99. List the prime factors of n.
2
Suppose 0 = -4*g - 83*u + 80*u + 64321, -4*g + 4*u = -64272. List the prime factors of g.
5, 643
Suppose 5*i - 21*j + 23*j - 138496 = 0, -4*i + 5*j = -110810. List the prime factors of i.
2, 5, 277
Let l(s) = 8*s**2 + 38*s - 6. Let x(k) = -2*k - 42. Let i be x(-25). What are the prime factors of l(i)?
2, 3, 5
Suppose 0 = 2*z - 61 + 15. Let d(q) = q**2 - 25*q + 45. Let l be d(z). What are the prime factors of (-63)/l + (-5)/(5/4)?
59
Let h(i) = -i**3 - i**2 - i + 1. Let p(s) = -5*s**3 - s**2 + 3*s - 2. Let o(j) = 4*h(j) - p(j). Let v be 360/(-48)*(2/10 - 1). List the prime factors of o(v).
2, 3
Let f = -2724 - -1662. What are the prime factors of f/4*30/(-45)?
3, 59
Let b = 128361 + -71652. What are the prime factors of b?
3, 6301
Let f = -4088 - -5794. What are the prime factors of f?
2, 853
Let w = 2193 - -4013. List the prime factors of w.
2, 29, 107
What are the prime factors of -1 + 20098 + -16 + 33?
2, 89, 113
Let v(g) = -g**3 + 7*g**2 - 6*g. Let o be v(6). Suppose o = -96*a + 103*a - 3549. What are the prime factors of a?
3, 13
Let a(n) be the first derivative of n**4/4 + 7*n**3/3 - 2*n**2 - 6*n - 9. Let u = 3 + -10. List the prime factors of a(u).
2, 11
Suppose 5*s - 4*s = -x, 0 = -5*x - 4*s + 4. Suppose -4*t = 4*f - f - 5635, 0 = x*f - t - 7545. What are the prime factors of f?
5, 13, 29
Let o = -19889 - -38939. List the prime factors of o.
2, 3, 5, 127
Let f(i) = -i**2 + 22*i - 36. Let a be f(20). Suppose -6*o = -a*o - 6. Suppose -2*m - 4*u - 278 = -4*m, 5*m = o*u + 730. List the prime factors of m.
149
Suppose -152 = -73*t + 35*t. Let u(r) = 15*r**2 + 9*r + 9. Let d(i) = 23*i**2 + 14*i + 13. Let y(x) = 5*d(x) - 7*u(x). What are the prime factors of y(t)?
2, 5, 19
Let j(s) = -8182*s - 1138. What are the prime factors of j(-2)?
2, 23, 331
Let h = -19 + -32. List the prime factors of (-140)/42*h/2.
5, 17
Suppose -14*z + 8343 = -23*z. Let n = z - -9027. List the prime factors of -2 - (n/6)/(-5).
2, 67
Suppose 5*h = -0*h + 1070. Suppose 79 - h = -3*o. Suppose 0 = 4*q - 419 - o. List the prime factors of q.
2, 29
Suppose -5*x + 5*r = -30, 5*x - 4*r - 35 = -10. List the prime factors of (1 - -2)/(x - 777/786).
2, 131
Suppose 0*p - 27 = p. Let v = -27 - p. What are the prime factors of 1/(-3) + (660/9 - v)?
73
Suppose 3*v - 4*h - 9 = -12, v = 3*h - 1. Let s(r) = -17*r - 9*r + 2 - 21*r. What are the prime factors of s(v)?
7
Let g be ((308/8)/7 + -5)*3482. Suppose 7521 = 10*p + g. List the prime factors of p.
2, 17
Let o = 747 - 479. What are the prime factors of o?
2, 67
Let f(k) = -11*k**3 - k**2 - k + 1. Let g be f(1). Let y be 9*(-4)/g - (7 + -1). What are the prime factors of (-55 + 15)/(0 + -2) - y?
23
Let n(k) = 58*k**3 + 31*k**2 + 30*k + 23. What are the prime factors of n(8)?
17, 1879
Suppose -44941 = -2*k + a, -3*a - 83033 = -5*k + 29319. What are the prime factors of k?
23, 977
Let q = -18318 + -31302. List the prime factors of 4/(-38) - q/285.
2, 3, 29
Let t = -69 - -73. Let d(z) = -z**3 + 3*z**2 + 6*z - 3. Let h be d(t). Suppose -k + 5*l - 292 = -h*k, -k - 5*l + 58 = 0. What are the prime factors of k?
2, 3, 13
Suppose -4*b + 201532 = j, 713*j - 717*j - 100730 = -2*b. What are the prime factors of b?
83, 607
Let t = -16045 - -41789. What are the prime factors of t?
2, 1609
Let n = 52805 - 28688. What are the prime factors of n?
3, 8039
Let g be (0 + 0)/(-1)*5/(-10). Suppose -w - 3*r + 112 + 208 = 0, -4*w - r + 1302 = g. What are the prime factors of w?
2, 163
Let t = 58 - 52. Suppose -w + t*w - 1055 = 0. What are the prime factors of w?
211
Suppose 18*g - 9*g - 3*g = 70164. What are the prime factors of g?
2, 3, 1949
Suppose j = 2*j - 4. Let s be (-2)/((11 + 0)/(-11)). Suppose -3*c = -j*n - 276, 92 = 4*c - 3*c + s*n. What are the prime factors of c?
2, 23
Let p be 36/5 - 10/50. Suppose -p*a = -2*a + 45. What are the prime factors of 115 + (-3)/a*(-3 + 9)?
3, 13
Let b = 13482 + 241. What are the prime factors of b?
13723
Let y = 74 + -109. Let w = 221 - 230. Let k = w - y. List the prime factors of k.
2, 13
Let k(f) be the second derivative of -f**4/12 + 55*f**3/6 - 6*f**2 + 2*f - 12. What are the prime factors of k(41)?
2, 281
Let j(x) = x**3 + 15*x**2 + 17*x + 20. Let b be j(-14). What are the prime factors of ((-7)/(-77))/(-1) - 26556/b?
17, 71
Let n(h) be the second derivative of h**4/12 - 4*h**3/3 + 5*h**2 - 17*h. Let d be n(7). Suppose -4*s + 9 = 3*z, 3 = 3*z - d*s - 6. List the prime factors of z.
3
Suppose 5*d = -2*v + 2*d + 26, 2*d - 8 = 0. Let r be (-6)/(-4)*(9 - v). Suppose 4*i - r*k = 306, -k = -3*i - 3*k + 221. What are the prime factors of i?
3, 5
Let b = -73 - -75. What are the prime factors of b/(-7) - (-2 + 23112/(-42))?
2, 3, 23
Let b(i) = 168*i**2 - 110*i + 282. What are the prime factors of b(15)?
2, 3, 11, 23
Let q(o) = -3*o**3 - 40*o**2 - 55*o - 27. Let a be q(-12). Let x be ((-24)/7)/(2/14). Let h = a - x. List the prime factors of h.
3
Let m(u) = u. Let x(i) = 347*i + 223. Let o(z) = 3*m(z) - x(z). What are the prime factors of o(-5)?
3, 499
Let r(q) 